.
9
What is the highest common factor of 150 and 57?
3
What is the greatest common factor of 70 and 1120?
70
What is the greatest common divisor of 105 and 21?
21
What is the greatest common factor of 164 and 205?
41
Calculate the highest common divisor of 238 and 42.
14
What is the greatest common factor of 24 and 312?
24
What is the highest common divisor of 475 and 285?
95
Calculate the highest common factor of 385 and 121.
11
What is the highest common divisor of 63 and 812?
7
Calculate the highest common factor of 12 and 28884.
12
Calculate the highest common factor of 14 and 2191.
7
What is the greatest common factor of 312 and 2472?
24
Calculate the highest common divisor of 10095 and 30.
15
Calculate the highest common divisor of 415 and 5.
5
What is the highest common divisor of 17768 and 32?
8
Calculate the highest common factor of 305 and 5.
5
What is the greatest common divisor of 60 and 52?
4
What is the greatest common divisor of 798 and 133?
133
Calculate the greatest common factor of 18 and 5646.
6
Calculate the greatest common factor of 52 and 1924.
52
Calculate the greatest common factor of 1 and 4.
1
Calculate the highest common factor of 2 and 13.
1
Calculate the highest common factor of 32 and 8.
8
What is the greatest common divisor of 935 and 1100?
55
What is the highest common factor of 7030 and 285?
95
What is the greatest common factor of 424 and 2173?
53
What is the greatest common factor of 144 and 33?
3
What is the highest common factor of 18 and 36?
18
What is the greatest common divisor of 26 and 9841?
13
What is the greatest common divisor of 9 and 369?
9
What is the highest common factor of 62 and 4991?
31
Calculate the highest common factor of 316 and 5135.
79
Calculate the highest common divisor of 72 and 16.
8
What is the highest common divisor of 1715 and 25?
5
What is the greatest common factor of 161 and 5106?
23
What is the highest common factor of 53 and 424?
53
Calculate the highest common divisor of 252 and 234.
18
Calculate the greatest common factor of 918 and 81.
27
Calculate the greatest common factor of 15 and 25.
5
What is the greatest common factor of 948 and 12?
12
Calculate the highest common divisor of 92 and 228.
4
What is the highest common divisor of 520 and 585?
65
What is the greatest common divisor of 1739 and 47?
47
Calculate the greatest common factor of 92 and 23.
23
What is the greatest common factor of 52 and 1339?
13
Calculate the highest common factor of 125 and 1025.
25
Calculate the greatest common divisor of 136 and 8.
8
What is the greatest common factor of 448 and 28?
28
What is the greatest common factor of 2133 and 395?
79
What is the greatest common divisor of 3 and 32?
1
What is the highest common factor of 196 and 2156?
196
Calculate the highest common divisor of 64 and 160.
32
What is the highest common factor of 3822 and 42?
42
Calculate the greatest common factor of 201 and 18.
3
Calculate the highest common factor of 114 and 2451.
57
Calculate the greatest common factor of 672 and 2976.
96
Calculate the greatest common factor of 767 and 118.
59
What is the highest common divisor of 16 and 1384?
8
What is the greatest common divisor of 12 and 948?
12
What is the greatest common divisor of 141 and 8319?
141
Calculate the greatest common factor of 29120 and 192.
64
Calculate the greatest common factor of 871 and 65.
13
What is the highest common divisor of 2500 and 80?
20
Calculate the highest common divisor of 15 and 80.
5
What is the highest common factor of 249 and 3?
3
What is the greatest common factor of 20 and 20?
20
What is the highest common factor of 5225 and 627?
209
What is the greatest common divisor of 213 and 1633?
71
What is the highest common divisor of 4020 and 30?
30
What is the greatest common factor of 9 and 1?
1
What is the highest common divisor of 9 and 909?
9
Calculate the highest common divisor of 129 and 301.
43
What is the greatest common factor of 11340 and 140?
140
What is the highest common divisor of 85 and 1717?
17
What is the highest common factor of 91 and 28?
7
What is the highest common factor of 44 and 286?
22
What is the greatest common factor of 590 and 708?
118
Calculate the greatest common factor of 11420 and 5.
5
What is the highest common divisor of 150 and 303?
3
Calculate the highest common divisor of 1640 and 320.
40
What is the highest common factor of 36 and 207?
9
Calculate the highest common divisor of 1281 and 42.
21
What is the greatest common divisor of 432 and 1008?
144
Calculate the greatest common factor of 34 and 8.
2
What is the highest common factor of 1589 and 7?
7
Calculate the highest common divisor of 640 and 20.
20
Calculate the highest common factor of 30 and 12585.
15
Calculate the greatest common factor of 880 and 13420.
220
What is the greatest common factor of 9 and 18?
9
What is the highest common factor of 29 and 1102?
29
What is the greatest common divisor of 4688 and 16?
16
What is the highest common divisor of 275 and 11?
11
Calculate the highest common factor of 1333 and 31.
31
What is the highest common divisor of 527 and 62?
31
Calculate the highest common divisor of 104 and 10426.
26
Calculate the greatest common factor of 485 and 194.
97
Calculate the greatest common divisor of 98 and 1225.
49
Calculate the greatest common divisor of 91 and 39.
13
What is the greatest common divisor of 108 and 1488?
12
Calculate the greatest common factor of 2774 and 730.
146
What is the greatest common divisor of 1592 and 128?
8
Calculate the greatest common factor of 424 and 40.
8
What is the greatest common factor of 17 and 221?
17
What is the greatest common factor of 106 and 53?
53
What is the highest common factor of 9 and 873?
9
What is the highest common factor of 154 and 10934?
154
Calculate the greatest common factor of 1221 and 1110.
111
Calculate the highest common factor of 897 and 14053.
299
What is the greatest common divisor of 11 and 1133?
11
Calculate the highest common divisor of 50 and 54.
2
What is the greatest common factor of 14 and 63?
7
What is the highest common factor of 324 and 45?
9
Calculate the highest common factor of 297 and 54.
27
What is the greatest common factor of 1173 and 17?
17
Calculate the highest common divisor of 6 and 194.
2
Calculate the greatest common divisor of 25 and 275.
25
What is the greatest common divisor of 8281 and 169?
169
What is the highest common divisor of 110 and 2200?
110
What is the greatest common factor of 156 and 117?
39
Calculate the greatest common factor of 86 and 172.
86
Calculate the highest common factor of 13980 and 20.
20
What is the highest common factor of 1085 and 930?
155
Calculate the greatest common factor of 116 and 377.
29
What is the greatest common divisor of 200 and 675?
25
What is the highest common divisor of 385 and 105?
35
What is the greatest common divisor of 266 and 17822?
266
Calculate the greatest common divisor of 102 and 680.
34
Calculate the highest common divisor of 144 and 558.
18
Calculate the greatest common factor of 120 and 75.
15
What is the greatest common divisor of 540 and 160?
20
Calculate the greatest common factor of 204 and 36.
12
Calculate the highest common divisor of 1011 and 15.
3
What is the highest common factor of 6 and 234?
6
Calculate the greatest common divisor of 27 and 783.
27
Calculate the greatest common factor of 1943 and 67.
67
What is the highest common divisor of 296 and 568?
8
Calculate the greatest common factor of 64 and 1136.
16
Calculate the greatest common factor of 273 and 7527.
39
What is the greatest common divisor of 1513 and 17?
17
What is the greatest common factor of 731 and 645?
43
Calculate the greatest common divisor of 23 and 299.
23
What is the highest common divisor of 63 and 1659?
21
What is the greatest common divisor of 595 and 385?
35
What is the highest common factor of 6446 and 22?
22
Calculate the greatest common divisor of 1398 and 12.
6
What is the greatest common divisor of 110 and 450?
10
What is the greatest common factor of 1612 and 104?
52
Calculate the highest common divisor of 5920 and 128.
32
Calculate the greatest common divisor of 888 and 72.
24
What is the greatest common factor of 129 and 753?
3
What is the highest common factor of 3